1
Suppose -22*z + 13832 = 30*z. Calculate the remainder when z is divided by 77.
35
Suppose 10*f = -f - 198. What is the remainder when (-384)/f + (-21)/9 + 2 is divided by 11?
10
Suppose 0*t - 10 = -2*t. Suppose -80 = -2*d - 2*d - n, 4*d + t*n = 96. Calculate the remainder when 112 is divided by d.
17
Suppose -18 = k + 102. Suppose 3*m - 51 = -15. Calculate the remainder when 78 is divided by ((-4)/m)/(2/k).
18
Let m(p) = 2*p**3 - 3*p**2 + 4*p - 5. Let k(x) = -3*x**3 - x**2 - 2*x - 1. Let y be k(-1). Let j = 30 - 12. What is the remainder when m(y) is divided by j?
16
Let t(g) = 4*g**2 - g + 4. Suppose -l = -102 + 79. What is the remainder when t(-3) is divided by l?
20
Suppose -4*p - 2*a = 70, a + 0*a = -p - 19. What is the remainder when 29/4 - (-4)/p is divided by 3?
1
What is the remainder when (-118)/(172/(-43)*1/4) is divided by 70?
48
Let b = -9 + 13. Suppose 16 = 5*y - 3*d - 44, d = b*y - 41. Calculate the remainder when (-11)/(385/(-112))*15/2 is divided by y.
6
Let i(g) = -5*g. Let p(k) = 19*k - 12. Let a be p(6). Suppose a = 4*t + 2*t. Calculate the remainder when t is divided by i(-2).
7
What is the remainder when (-100 - -101)/((-2)/(-334)) is divided by 10?
7
Let h(r) = 4*r**2 - 2*r + 0 + r + 3*r + 1. What is the remainder when h(2) is divided by -3*(-12 + 8)/(2*1)?
3
Let p(b) = 2*b**3 - 8*b**2 - 7*b + 3. Suppose w = -0*w + 5. Let n(g) = -g**2 + 5*g + 1. Calculate the remainder when p(w) is divided by n(3).
4
Let l(m) = 2*m**2 + m + 1. Suppose -3*q = -5*o + 1297, 3*q = -12*o + 8*o + 1016. Calculate the remainder when o is divided by l(4).
35
Suppose 0 = -h - 0*h - 16. Let o = h + 40. What is the remainder when 69 is divided by o?
21
Suppose 0 = -x - 10 + 1. Let q be (12/(-10))/(x/(-30)). What is the remainder when 1 - (q + 1 + -13) is divided by 5?
2
Calculate the remainder when 11 is divided by (-7)/(-49) + (-372)/(-42).
2
Let t be (-2 - 26)*12/(-48). Suppose t*i - 59 = 151. What is the remainder when i is divided by 8?
6
Let g = -15160 + 15308. Let h(v) = -25*v. Calculate the remainder when g is divided by h(-2).
48
Suppose -150 = 3*i - 6*i. Let p = 56 + -42. What is the remainder when i is divided by p?
8
Let k = 3 - 2. Let g = -22 - -33. Calculate the remainder when g is divided by 4/((2/2)/k).
3
Let s(n) = -9*n - 51. Let i be s(-6). Suppose 2*h - r - i*r - 2 = 0, 3*r - 16 = -2*h. Calculate the remainder when 33 is divided by h.
3
Let s(m) = 3*m**2 + 8*m + 6. Let a(w) = 4*w**2 + 7*w + 5. Let u(t) = 2*a(t) - 3*s(t). Calculate the remainder when 31 is divided by u(-8).
7
Calculate the remainder when (-4655)/(-35) - 3/(0 - -1) is divided by 49.
32
Let v = 96 - 42. Calculate the remainder when v is divided by 19.
16
Suppose 23 = 5*q - 5*g + 8, g = -q + 3. Suppose q*i = 47 - 2. Suppose 3*s - i = 6. Calculate the remainder when 24 is divided by s.
3
Let p(n) = 3*n + 14 - 10 - 1. Calculate the remainder when (-153)/(-2)*6/9*1 is divided by p(5).
15
Suppose -2*r + 83 - 5 = 0. Suppose -u + 2 = -r. What is the remainder when u is divided by 21?
20
Let o(v) = -v**3 + 5*v**2 + 8*v - 3. Suppose -34 = -5*l + 4*l. What is the remainder when l is divided by o(6)?
7
Suppose 3*j - 71 = 424. Suppose -3*q + j = -168. What is the remainder when q is divided by 38?
35
Let g = 2 - -14. Calculate the remainder when g is divided by (9 - 2)/42 + (-116)/(-24).
1
Let n = -1927 + 2160. What is the remainder when n is divided by 3?
2
Suppose 3*f - 36 - 92 = -4*x, 4*f - 180 = -3*x. Calculate the remainder when f is divided by (1 + 0)*(2 - -15).
14
Suppose -s - 4*b + 5 = 0, 2*b + b = -5*s + 59. Suppose 82*t = 55*t + 972. Calculate the remainder when t is divided by s.
10
Suppose -1438 = -3*a + 86*h - 84*h, 5*h + 1929 = 4*a. What is the remainder when a is divided by 53?
52
Let o(c) = c**3 - 12*c**2 - 25*c - 38. Calculate the remainder when 16 is divided by o(14).
0
Let q = 19 + -30. Let o = 40 + q. Calculate the remainder when o is divided by 6.
5
Suppose -4*f + 3*u + 388 + 326 = 0, 0 = 2*f - 2*u - 356. Calculate the remainder when f is divided by 45.
0
Suppose -v - 2*o = -15, 4*v - o + 120 = 9*v. Let k = -113 - -262. Suppose -3*n + k = -x, 2*n = -n + 5*x + 169. Calculate the remainder when n is divided by v.
23
Let r be ((-51*1)/(-1)*-1)/(-1). Let c = -35 + r. What is the remainder when c is divided by 5?
1
Suppose 0 = 118*q - 120*q + 258. What is the remainder when q is divided by 33?
30
Let c(r) = 2 - 3*r - 1 - 1. Let y be (3/2)/(36/(-192)). What is the remainder when 119 is divided by c(y)?
23
Let p(n) = -17*n + 11. Calculate the remainder when 82 is divided by p(-1).
26
Let l(o) = 2*o**2 + 3. What is the remainder when (59 + 1)*1/2 is divided by l(-2)?
8
Suppose 52 = a - 2. Suppose 9*d - a = 3*d. Let x(u) = -2*u**3 - 6*u**2 - u - 4. Calculate the remainder when x(-4) is divided by d.
5
Let d = -18 + 29. What is the remainder when 316 is divided by d?
8
Let u(k) = -k**3 - k**2 - k. Let j(g) = -g**2 - 7*g - 7. Let z(d) = -j(d) + u(d). What is the remainder when z(-3) is divided by 22/4 - 3/(-6)?
4
Let r(z) = -9*z**2 + 3*z + 15. Calculate the remainder when 582 is divided by r(0).
12
Let s be (56/(-8))/7*-3*2. Suppose 43 = s*l - 5. Calculate the remainder when 55 is divided by l.
7
Let b(t) = 3*t**2 - 4*t - 8. Calculate the remainder when b(-3) is divided by 15.
1
Suppose -8*h = -431 - 49. Calculate the remainder when 208 is divided by h.
28
Let c(f) = f**2 - 3*f - 14. Suppose 155 = 5*p - 5*z, -3*p + 2*z + 89 = -0*z. What is the remainder when p is divided by c(7)?
13
Suppose 450 = -u - 4*u. What is the remainder when 118 is divided by (1 - 2)/(((-39)/u)/(-13))?
28
Let j = 128 - 91. Let n = 41 - j. Calculate the remainder when 15 is divided by n.
3
Let j = 101 + -142. Let a = j + 64. Calculate the remainder when a is divided by 8.
7
Suppose 4*r = -0*r - 60. Let o be (-1)/(-3) + (-40)/r. Suppose 9 = -o*g + 201. What is the remainder when g is divided by 22?
20
Suppose n - 3*n + 3 = -v, 1 = -n - 2*v. Suppose 0 - 15 = -15*h. Calculate the remainder when h is divided by n.
0
Suppose -59*a - 2*l + 510 = -54*a, 0 = a + 4*l - 102. Calculate the remainder when 411 is divided by a.
3
Let h(p) = -12*p - 55. Calculate the remainder when h(-14) is divided by 29.
26
Suppose 518*w - 68 = 516*w. Suppose -90 = -5*s + 240. What is the remainder when s is divided by w?
32
Let v = 63 + -62. Let p = 9 - 18. Let y = v - p. What is the remainder when 38 is divided by y?
8
Calculate the remainder when 186 is divided by (72/30)/(6/30).
6
Let h(z) = -z**3 + 13*z**2 - 11*z - 4. Let d be h(12). What is the remainder when d/(-108)*3 + (-1174)/(-18) is divided by 19?
8
Suppose 8*h - 7790 = -33*h. What is the remainder when h is divided by 16?
14
Let k(n) = 5*n + 39. Let b be k(-7). Suppose 5*m = -b*p + 297, 4*m = m + 15. Calculate the remainder when p is divided by 14.
12
Suppose -5*m + 2*y = 4*y - 124, -5*y - 110 = -5*m. Calculate the remainder when 93 is divided by m.
21
Calculate the remainder when 255/18 - (-4)/(-24) is divided by 2.
0
Suppose j - l = 9, -5*j + 3*l = -l - 40. What is the remainder when 32 is divided by j?
0
Suppose -5*w + 3*q = -0*w - 622, 0 = 2*w - 4*q - 246. Suppose -3*n = 5*o + w - 731, -2*n = -3*o + 375. What is the remainder when o is divided by 31?
30
Suppose -40 = v - 9*v. Suppose -17 = v*b - 147. What is the remainder when b is divided by ((-28)/6)/((-4)/6)?
5
Let q = 2438 + -892. Calculate the remainder when q is divided by 9.
7
Let t(q) = -q - 13. Let m be t(3). Let f = m + 36. What is the remainder when 59 is divided by f?
19
Suppose -50 = -5*a + 2*k, 0*a - 2*a + k + 21 = 0. Let c = 87 + -60. Calculate the remainder when c is divided by -7*((a/(-4))/2 + 0).
6
Suppose 2*o - 3*p - 33 = 0, 0 = -p + 1. Suppose -w = -o - 59. Calculate the remainder when w is divided by 16.
13
Let v(o) = -o**3 + 13*o**2 + 15*o + 13. Let i be 2/(-11) + 936/66. What is the remainder when v(i) is divided by 5?
2
Suppose 2*d - 15 = 1. Suppose 3*c + 20*c - 529 = 0. Calculate the remainder when c is divided by d.
7
Suppose 2*t = -2, -195 = -4*v + 4*t + 97. Calculate the remainder when v is divided by 20.
12
Suppose -2*g - f = 3*g - 46, 4*g = 5*f + 31. Let y be (-2)/(-3) - (-192)/9. Let q = g + y. Calculate the remainder when q is divided by 8.
7
Let p(a) = a**3 + a**2 - 2*a 